hen 18118 is divided by j(10)?
58
Let c = 1107 - 740. Suppose -c = -9*f - 52. Suppose -2*x - 50 = -4*u + u, -u - 3*x = -f. Calculate the remainder when u is divided by 7.
6
Suppose 2*o + o - 1664 = 163. Calculate the remainder when o is divided by 102.
99
Suppose -5*s + 82 = 2*g, 24 = 2*s + 2*g - 10. Let k(y) = 31*y**2 + 1 - 3*y + y + 4*y + 0*y. Calculate the remainder when k(-1) is divided by s.
14
What is the remainder when 1479 is divided by 61/549 - (-79692)/108?
3
Suppose 0 = 9*l - 291 + 84. Calculate the remainder when l is divided by 18/(-4)*24/(-36).
2
Let k = -129 + 126. What is the remainder when 261 is divided by (-70)/k + (-90)/(-135)?
21
Suppose -4*g + 2*v - 6 = 0, 0 = g - 0*g + 4*v - 12. Suppose 13*h - 24*h + 44 = g. Let q = -1 - -5. Calculate the remainder when h is divided by q.
0
Suppose 5*v = 3*v + 18. Let b(q) = q**3 - 8*q**2 + 556*q - 4360. Calculate the remainder when b(8) is divided by v.
7
Let f(x) = -2*x**3 + 15*x**2 + x - 8. Let l be f(7). Suppose 6*b + l = 138. Let k(z) = 56*z + 1. What is the remainder when k(1) is divided by b?
12
Let q = -3 - -16. Let m = 288 - 288. Suppose 204 = 4*h - m*h. What is the remainder when h is divided by q?
12
Let q = -8635 - -9471. What is the remainder when q is divided by 78?
56
Let b = -289 + 199. Let v = b - -163. Calculate the remainder when 139 is divided by v.
66
Let b = -74 + 129. Let g(r) = -r**3 + 17*r**2 + 40*r - 1038. Calculate the remainder when b is divided by g(15).
7
Let u(x) = -5424*x + 21781. Calculate the remainder when u(4) is divided by 0 + -2 - (-6)/1.
1
Calculate the remainder when (-44)/(-5)*(-13)/((-104)/980) is divided by 13.
12
Suppose 5*o = -2*y + 2545, -4*o + 2159 - 123 = -5*y. What is the remainder when o is divided by 68?
33
Let d(r) = 1808*r + 12673. Suppose 0*w = -4*w + 92. What is the remainder when w is divided by d(-7)?
6
Let j = -9 + 11. Suppose -153*y + 1947 = 629 - 824. What is the remainder when y is divided by j?
0
Let k(i) = 7*i**3 - 119*i**2 + 4*i - 22. What is the remainder when 541 is divided by k(17)?
35
Suppose 2*r - i = -4*i + 66, -i + 35 = r. Suppose -16*x + 944 = 176. What is the remainder when r is divided by 3/(153/x + -3)?
7
Let j(g) be the first derivative of -g**4/6 - g**3 + 9*g**2 - 14. Let w(o) be the second derivative of j(o). Calculate the remainder when w(-7) is divided by 5.
2
Let h(y) = -3*y**3 + y**2 - 3*y - 1. Let x(t) = -5*t - 5. Suppose -5*o + 3*v = 15, -2*v - 22 = 2*o - 0*o. Calculate the remainder when h(-3) is divided by x(o).
23
Let x(j) = j**2 - j. Let c be x(1). Suppose 14*t - 11*t - 210 = c. Let p(i) = 4*i + 5. What is the remainder when t is divided by p(5)?
20
Suppose -b - 28 + 107 = 0. Suppose -5*z - 3*v + 102 = 0, 62*v + 68 = 3*z + 57*v. Calculate the remainder when b is divided by z.
16
Let j = -55 + 57. Suppose -j*s = -47 + 65. Let p = 20 - s. Calculate the remainder when p is divided by 11.
7
Suppose -628 = -5*q + 4*l, -72*q + 76*q - 536 = -l. What is the remainder when 657 is divided by q?
129
Suppose 4*c + 406 = 6*c + z, 0 = -5*z + 10. What is the remainder when c is divided by 36?
22
Let p(z) be the third derivative of -z**4/8 - z**2. Suppose 3*a + 61 - 48 = l, 5*l - 122 = -4*a. Calculate the remainder when l is divided by p(-2).
4
Let x(r) be the second derivative of r**5/20 + 3*r**4/4 + 2*r**3 + 3*r**2 - 24*r. Let k be x(-6). Let a = k - 35. What is the remainder when 32 is divided by a?
4
What is the remainder when (-1)/(4 - 3) + 908 + -15 + 3 is divided by 64?
63
Suppose -9*x + 5026 - 298 = 291. Calculate the remainder when x is divided by 90.
43
Let b(g) = g**2 - 63*g + 542. Suppose -4*i + 470 = 3*u, 5*i + 5*u + 129 = 719. Calculate the remainder when i is divided by b(10).
8
Suppose 0 = 262*x - 269*x + 35. Suppose -v + 112 = 2*q + 4*v, -x*q + 318 = 3*v. Calculate the remainder when q is divided by 17.
15
Suppose 39 = g + 35. Suppose 2*u - g*n + 6 = -4, -4*n - 2 = 2*u. Let o(a) = -2*a**3 + 2*a**2 + 5*a - 5. What is the remainder when o(u) is divided by 11?
8
Let k(p) = 4*p + 176. Let u be k(-41). Calculate the remainder when 122 is divided by (u - 9)/((-3)/(-34)).
20
Suppose -9313*k + 9339*k = 5044. Calculate the remainder when k is divided by 84.
26
Let l(d) = -4*d + 40. Suppose -55 - 43 = 7*s. Calculate the remainder when l(s) is divided by 20.
16
Let x = -10766 + 10810. Calculate the remainder when x is divided by 40.
4
Suppose -31*h + 27591 = 20*h. Calculate the remainder when h is divided by 92.
81
Let l(h) = -h**2 - 120*h - 3137. Calculate the remainder when 106 is divided by l(-41).
4
Let z(r) = r**2 - 8*r + 8. Let q be z(7). Let t(j) = 57*j**2 - 4*j + 1. What is the remainder when t(q) is divided by 5?
4
Calculate the remainder when 26 + (-25005)/(15/(-3)) is divided by 136.
131
Suppose 10 = 5*g - v - 12, -v = 4*g - 14. Suppose 0 = 6*n - 11 - 205. Suppose -44*f + 88 = -n*f. What is the remainder when f is divided by g?
3
Suppose 26 = 4*d - 502. Suppose -47 = 5*s - d. What is the remainder when 64 is divided by s?
13
Let t(b) = b**2 - 8*b + 13. Let f be ((-3 + 4)*52)/((-2)/(-2)). Suppose 602 = -45*v + f*v. What is the remainder when v is divided by t(9)?
20
Let j(v) = -13*v + 10. Let z be j(-1). Suppose -27*d + 1008 = -z*d. What is the remainder when d is divided by 51?
48
Let z = 7259 - 6741. What is the remainder when z is divided by 185?
148
Let i = -52 + 215. Suppose 0 = -5*g + 42 + i. What is the remainder when 578*(-12)/(-88) - (-6)/33 is divided by g?
38
Let m = -108 - -114. Suppose -3*s = n - 5*s - 26, -2*n + 24 = 3*s. What is the remainder when n is divided by m?
0
Let a(l) = -l**2 + 18*l - 19. Let n be a(16). Suppose -5*x + 3 - n = 0. Calculate the remainder when (-1 - x)/(5 + -4) + 25 is divided by 8.
2
Suppose 7*g - 17 = -3. Let w(m) = m**2 - 3*m**3 - 2*m**g + m**3 - m. Calculate the remainder when 53 is divided by w(-2).
11
What is the remainder when (1733/(-2))/(14 - (-783)/(-54)) is divided by 56?
53
Let i = 298 - 298. Suppose -3*x - 28 = -u - i*u, u - 40 = -3*x. What is the remainder when u is divided by 6?
4
Let b = 96 + -40. Let v = 1726 + -1671. What is the remainder when b is divided by v?
1
What is the remainder when (250/(-8))/(-1*6/96) is divided by 12?
8
Suppose l - 4*l + 222 = 0. Let w = 2746 - 2743. What is the remainder when l is divided by w?
2
Let l be 4/(60/(-85))*6/(-2). Let s = l - -13. What is the remainder when s is divided by 8?
6
Let g(k) = 46*k + 294. Calculate the remainder when 142 is divided by g(-6).
16
Suppose 11 - 46 = -5*w, 3*j - 5*w - 70 = 0. What is the remainder when 2479 is divided by j?
29
Let x = -253 + 406. Let c(q) = q**3 + 6*q**2 + 5*q - 11. Let g be c(-4). Calculate the remainder when x is divided by (g*-1)/(5/(-20)) + 35.
36
Suppose -1012 - 2216 = -38*j - 568. Calculate the remainder when 111 is divided by j.
41
Let f = -68 + 73. Suppose -3*k - 3*i + 6 = 0, -6 = -k - f*i - 4. Suppose 3*u = k*u + y + 12, 30 = 5*u + y. What is the remainder when 20 is divided by u?
6
Let a = -26 - -27. Suppose 0 = 4*f + f - 20. Calculate the remainder when (-5 + 7)*9*a is divided by f.
2
Let t(w) = -87*w + 5981. What is the remainder when 2577 is divided by t(67)?
145
Suppose 13*s + 1386 = 5*s + 29*s. What is the remainder when (-1 - 0)/(3/(-1383)) is divided by s?
65
Suppose 19 = -2*x - 27. Let z = 52 + x. What is the remainder when z is divided by 6?
5
What is the remainder when 6342496/(-3264)*(-1 + -5) is divided by 34?
31
Let y be (-2540)/(-4)*114/95. Suppose -y + 2148 = 18*w. Calculate the remainder when w is divided by 41.
36
Suppose 0 = 800*f - 663*f - 1507. What is the remainder when 386 is divided by f?
1
Suppose -476 - 221 = -4*b - 3*c, 0 = -2*b + 2*c + 324. Calculate the remainder when 2027 is divided by b.
168
What is the remainder when 109 is divided by 4/(-20) - 4860/(-300)?
13
Suppose -319*n + 72 = -311*n. What is the remainder when 22 is divided by (-2 - n/(-4)) + 670/40?
5
Let s(y) = 2*y**3 + 8*y**2 - 2*y + 92. Let q(m) = -3*m**3 - 9*m**2 + 2*m - 91. Let o(d) = 3*q(d) + 4*s(d). What is the remainder when o(0) is divided by 50?
45
Suppose 0 = -y + 528 - 88. Suppose -2*u + y = 2*u. Let l = u + -97. Calculate the remainder when l is divided by 4.
1
Let r(t) = -t**3 + 31*t**2 - 21*t - 1. Calculate the remainder when r(27) is divided by 10